t of 20043880?
0
What is the hundred thousands digit of 169173?
1
What is the units digit of 204406?
6
What is the ten thousands digit of 455465?
5
What is the ten thousands digit of 7080684?
8
What is the tens digit of 76002?
0
What is the millions digit of 5719188?
5
What is the hundred thousands digit of 116926?
1
What is the hundred thousands digit of 6311050?
3
What is the hundred thousands digit of 883111?
8
What is the ten thousands digit of 12177018?
7
What is the ten thousands digit of 26426692?
2
What is the ten thousands digit of 351400?
5
What is the ten thousands digit of 12559255?
5
What is the ten thousands digit of 383555?
8
What is the hundreds digit of 278806?
8
What is the tens digit of 6482690?
9
What is the tens digit of 2016869?
6
What is the ten thousands digit of 441952?
4
What is the tens digit of 4873978?
7
What is the units digit of 50184?
4
What is the units digit of 2518541?
1
What is the ten thousands digit of 616268?
1
What is the ten millions digit of 10280547?
1
What is the millions digit of 9599631?
9
What is the units digit of 1117625?
5
What is the units digit of 1969630?
0
What is the units digit of 24489?
9
What is the tens digit of 2867737?
3
What is the tens digit of 6135666?
6
What is the hundreds digit of 1346324?
3
What is the ten thousands digit of 1464690?
6
What is the millions digit of 1021985?
1
What is the tens digit of 377098?
9
What is the tens digit of 1169235?
3
What is the thousands digit of 909876?
9
What is the ten thousands digit of 3402682?
0
What is the millions digit of 7073352?
7
What is the hundreds digit of 530615?
6
What is the thousands digit of 1784583?
4
What is the units digit of 357224?
4
What is the tens digit of 943221?
2
What is the units digit of 2834651?
1
What is the millions digit of 1202847?
1
What is the hundreds digit of 284595?
5
What is the tens digit of 703093?
9
What is the thousands digit of 1225893?
5
What is the hundred thousands digit of 8365778?
3
What is the thousands digit of 4260252?
0
What is the hundred thousands digit of 188295?
1
What is the tens digit of 16391516?
1
What is the tens digit of 5710218?
1
What is the tens digit of 118742?
4
What is the units digit of 3044181?
1
What is the millions digit of 4836407?
4
What is the thousands digit of 939091?
9
What is the ten thousands digit of 2521673?
2
What is the tens digit of 2258088?
8
What is the thousands digit of 7150474?
0
What is the hundreds digit of 360565?
5
What is the hundred thousands digit of 836309?
8
What is the hundreds digit of 1356829?
8
What is the ten millions digit of 10198862?
1
What is the ten thousands digit of 144363?
4
What is the units digit of 224820?
0
What is the ten thousands digit of 835539?
3
What is the units digit of 11785437?
7
What is the ten thousands digit of 688806?
8
What is the units digit of 469041?
1
What is the units digit of 85114?
4
What is the thousands digit of 14300830?
0
What is the hundreds digit of 1014385?
3
What is the hundreds digit of 68472?
4
What is the ten thousands digit of 1211619?
1
What is the hundred thousands digit of 843193?
8
What is the hundreds digit of 268471?
4
What is the units digit of 21068919?
9
What is the units digit of 8926746?
6
What is the hundreds digit of 310251?
2
What is the ten thousands digit of 631325?
3
What is the ten thousands digit of 3115529?
1
What is the thousands digit of 359681?
9
What is the ten thousands digit of 7207465?
0
What is the tens digit of 910753?
5
What is the ten thousands digit of 14652156?
5
What is the thousands digit of 9773725?
3
What is the tens digit of 3169625?
2
What is the hundreds digit of 3594463?
4
What is the tens digit of 4285217?
1
What is the hundred thousands digit of 215609?
2
What is the tens digit of 850137?
3
What is the units digit of 14202?
2
What is the ten thousands digit of 2322742?
2
What is the thousands digit of 284261?
4
What is the units digit of 1492728?
8
What is the thousands digit of 59867?
9
What is the thousands digit of 1424426?
4
What is the units digit of 274327?
7
What is the hundreds digit of 187412?
4
What is the thousands digit of 902254?
2
What is the tens digit of 7968794?
9
What is the tens digit of 23616?
1
What is the units digit of 367855?
5
What is the ten thousands digit of 1003039?
0
What is the ten thousands digit of 1115096?
1
What is the tens digit of 94052?
5
What is the units digit of 175632?
2
What is the ten thousands digit of 148504?
4
What is the ten thousands digit of 444482?
4
What is the hundreds digit of 19749741?
7
What is the tens digit of 5863776?
7
What is the ten thousands digit of 132930?
3
What is the units digit of 474296?
6
What is the tens digit of 141639?
3
What is the thousands digit of 41951?
1
What is the units digit of 4093503?
3
What is the hundred thousands digit of 3646884?
6
What is the hundreds digit of 1412669?
6
What is the thousands digit of 10129?
0
What is the millions digit of 6713117?
6
What is the millions digit of 11921241?
1
What is the ten thousands digit of 247820?
4
What is the units digit of 260090?
0
What is the ten thousands digit of 278665?
7
What is the ten thousands digit of 732175?
3
What is the ten thousands digit of 253491?
5
What is the hundred thousands digit of 5463545?
4
What is the tens digit of 150310?
1
What is the thousands digit of 8100455?
0
What is the units digit of 983775?
5
What is the thousands digit of 350712?
0
What is the thousands digit of 5788?
5
What is the tens digit of 1346711?
1
What is the units digit of 4514521?
1
What is the units digit of 13188?
8
What is the thousands digit of 989363?
9
What is the units digit of 171389?
9
What is the thousands digit of 541212?
1
What is the ten thousands digit of 1046654?
4
What is the tens digit of 351622?
2
What is the hundred thousands digit of 314519?
3
What is the hundred thousands digit of 837820?
8
What is the thousands digit of 878421?
8
What is the ten thousands digit of 392177?
9
What is the tens digit of 4085973?
7
What is the millions digit of 2720628?
2
What is the millions digit of 6405242?
6
What is the hundreds digit of 2954055?
0
What is the hundreds digit of 815653?
6
What is the hundreds digit of 3050127?
1
What is the ten thousands digit of 11660103?
6
What is the thousands digit of 5381349?
1
What is the hundreds digit of 9564092?
0
What is the ten thousands digit of 8024004?
2
What is the units digit of 984217?
7
What is the ten thousands digit of 1120150?
2
What is the hundred thousands digit of 427847?
4
What is the tens digit of 294380?
8
What is the thousands digit of 55226?
5
What is the thousands digit of 78189?
8
What is the hundreds digit of 2003?
0
What is the hundred thousands digit of 246354?
2
What is the hundred thousands digit of 144246?
1
What is the ten thousands digit of 3831213?
3
What is the ten thousands digit of 411004?
1
What is the hundred thousands digit of 156615?
1
What is the hundred thousands digit of 31731949?
7
What is the ten thousands digit of 882264?
8
What is the millions digit of 17824682?
7
What is the tens digit of 1699663?
6
What is the tens digit of 3186148?
4
What is the units digit of 9551084?
4
What is the units digit of 2190659?
9
What is the hundred thousands digit of 10937045?
9
What is the tens digit of 648281?
8
What is the tens digit of 24561?
6
What is the ten thousands digit of 266460?
6
What is the hundreds digit of 47124?
1
What is the thousands digit of 2961712?
1
What is the hundreds digit of 199283?
2
What is the hundreds digit of 119449?
4
What is the ten thousands digit of 576225?
7
What is the tens digit of 707315?
1
What is the millions digit of 3807572?
3
What is the units digit of 1794185?
5
What is the hundreds digit of 474584?
5
What is the thousands digit of 81079?
1
What is the millions digit of 5595822?
5
What is the thousands digit of 799458?
9
What is the hundred thousands digit of 131539?
1
What is the ten thousands digit of 299533?
9
What is the ten thousands digit of 116202?
1
What is the ten thousands digit of 427479?
2
What is the units digit of 80076?
6
What is the hundreds digit of 1114691?
6
What is the thousands digit of 1528700?
8
What is the ten thousands digit of 2608797?
0
What is the units digit of 2005713?
3
What